the prime factors of v.
2, 3
Suppose 3*b = 4*b + 127. What are the prime factors of (-10)/25 - b/5?
5
Let g = 2 + 27. List the prime factors of g.
29
Suppose 3*i + 2*s - 41 = 0, 4*s - 2*s - 63 = -5*i. What are the prime factors of i?
11
Let k = 8 + 24. Suppose k = 5*o - 8. Let d = 0 + o. List the prime factors of d.
2
Let f = 53 + 5. What are the prime factors of f?
2, 29
Suppose 162 + 178 = 5*h. Suppose -5*w + w + h = 0. List the prime factors of w.
17
Let g(s) = -s**3 + 7*s**2 + 9*s - 6. Suppose 4*t - 3*t = 8. What are the prime factors of g(t)?
2
Let i(q) be the second derivative of -q**5/20 + q**4/2 - q**3/3 + 3*q**2 - q. List the prime factors of i(5).
3, 7
Let s(w) = -2*w - 9. Let n be s(-12). Suppose 0 = -5*j + n - 0. List the prime factors of j.
3
Let t be (2 - 4)/((-1)/2). Suppose 2*s - t*s = 8. What are the prime factors of -3*(s - -3) + 7?
2, 5
Let i(t) = t**3 - 9*t**2 + 13*t - 19. What are the prime factors of i(8)?
3, 7
Let t(p) = -20*p + 1. Let c be t(-3). Suppose 5*y + c = 146. List the prime factors of (-2)/8 + y/4.
2
Suppose 0 = -2*f - 4*r + 8, -3*r = -3*f - 3 + 6. Let o = 1 - f. Let g = o + 6. What are the prime factors of g?
5
What are the prime factors of (-12)/(-5 - (-3 + -1))?
2, 3
Suppose 3*b - 144 = 3*d, -4*b - 5*d = -2*b - 82. What are the prime factors of b?
2, 23
Let v(b) = -2*b - 6. Let h be v(-4). Suppose -4*k + 64 = -h*k. Suppose 0 = -2*s + 4*y - 6, 5*y - k = s - 2*s. List the prime factors of s.
7
Let w = -5 - -31. List the prime factors of w.
2, 13
Suppose 4*u - 14 - 10 = 0. Suppose 24 = 3*d + u. Let w = -1 + d. List the prime factors of w.
5
Let r = 41 - 6. What are the prime factors of r?
5, 7
Let t be (-4 + 2)/(-2 - -1). List the prime factors of 15/(-9)*(-1 - t).
5
Let s = -6 - -4. Let k(n) = -n**2 - 3*n. Let o be k(s). Suppose -u = 4*x - 24, 0*u + 12 = o*u - x. What are the prime factors of u?
2
Let a be 11 + 0 + (-1 - -2). Suppose a = j - 3. List the prime factors of j.
3, 5
Let q = 2 + 26. What are the prime factors of q?
2, 7
Let s = -5 - -8. Suppose -s*q - q = -20. List the prime factors of q.
5
Let a be 9/12 - (-603)/12. Suppose -2*z + 15 + a = 0. List the prime factors of z.
3, 11
Suppose 12*c - 144 = 108. What are the prime factors of c?
3, 7
Suppose 3*b - 4*o - 89 = 0, 5*b - 90 = -4*o - o. List the prime factors of b.
23
Let c(a) = 5*a - 6. List the prime factors of c(4).
2, 7
Suppose 505 = -m + 6*m. What are the prime factors of m?
101
Let z(u) = -3*u. Let r be z(5). Let m be ((-8)/6)/(1/r). Suppose 0*p + 4*g = -p + m, 70 = 5*p + 5*g. List the prime factors of p.
2, 3
Suppose 0 = -2*g + 4*o - 4, 2*g = -3*o - 2 - 23. What are the prime factors of (30/g)/((-9)/72)?
2, 3, 5
Suppose y - 6*y - 700 = -5*a, 4*a - 550 = 2*y. List the prime factors of a.
3, 5
Let m(g) = 3 - 1 - g - 7. List the prime factors of m(-8).
3
Let m(z) = 2*z**3 + 15*z**2 + 2*z + 7. List the prime factors of m(-6).
103
Suppose 3*i - 5 - 28 = 0. Suppose -3*o = -i + 2. Suppose o*w + 3*r - 51 = 0, -3*r = 2*r - 5. What are the prime factors of w?
2
Suppose -2*p + 5*z = p - 7, 4*p - z = -19. Suppose -o - 2*o - 12 = 0. What are the prime factors of ((-6)/o)/(p/(-40))?
2, 5
Suppose -4*j + 3 = -5. Let o(v) = j - 4 + v**2 - 1 - 6*v. What are the prime factors of o(7)?
2
Let d = -22 + 132. List the prime factors of d.
2, 5, 11
Suppose -2*o - 4 = 2*o. Let r(v) = -10*v**3 - 2*v**2 + 1. What are the prime factors of r(o)?
3
Let p = -2 + -1. What are the prime factors of 3/(-1) - (-19 - p)?
13
Suppose 4*j - 175 = 7*o - 8*o, 569 = 3*o + j. List the prime factors of o.
191
Suppose -3*b + 0 + 3 = 0. What are the prime factors of 1 - b - (-12)/1?
2, 3
Suppose 3*o + 6*o - 45 = 0. What are the prime factors of o?
5
Let s = -91 + 158. What are the prime factors of s?
67
Suppose 4*y - 40 - 4 = -4*x, -5*y + 15 = 0. Suppose t + 1 - x = 0. What are the prime factors of t?
7
Let m(j) = -j + 13. What are the prime factors of m(3)?
2, 5
Suppose -1 - 1 = -2*h. Suppose -i = p - 8, i = -p + 6*i + 26. Suppose -p + h = -q. List the prime factors of q.
2, 5
Let a be 9/6 - (-11)/(-2). Let k be 6/4*a/(-3). Suppose k*w - 1 - 5 = u, -w = 5*u - 3. List the prime factors of w.
3
Let g = 172 - 73. What are the prime factors of g?
3, 11
Let c(u) = -2*u + 14. Let a(n) = n. Let s(j) = 2*a(j) - c(j). What are the prime factors of s(6)?
2, 5
Suppose -9*n - 136 = -11*n. List the prime factors of n.
2, 17
Suppose 0 = -7*g + 78 + 1847. What are the prime factors of g?
5, 11
Let a(u) = -5*u**2 - 13*u - 1. Suppose 0 = -4*g + g + 12. Let x(c) = -4*c**2 - 12*c - 2. Let f(y) = g*x(y) - 3*a(y). List the prime factors of f(-6).
13
Let k(c) = 4*c - 3. Let y be k(2). Suppose -3*g + m - 26 = 0, 3*m - 9 - 29 = y*g. Let t = 24 + g. List the prime factors of t.
2, 7
Let t be 1 + (-7 - 2 - -2). Let d = 8 + t. Suppose 5*i - 42 = -d*p, -5*i + 10*i - 5*p = 70. List the prime factors of i.
2, 5
Let y(r) = -r + 0*r - 8 + 2 + r**2 + 2*r. Let x be y(0). Let c = 11 + x. What are the prime factors of c?
5
Let g(w) = -w**3 - 7*w**2 - 5*w - 4. List the prime factors of g(-7).
31
Suppose -7*o = -285 - 163. What are the prime factors of o?
2
Suppose -7*i = -0*i - 455. List the prime factors of i.
5, 13
Let w = 5 - 5. Suppose -b - 2 + 19 = 4*c, c - b - 8 = w. What are the prime factors of c?
5
Suppose 2*p + 8 = 4*r, -3*p + 4 - 6 = -r. Suppose -4*m + n - 8 = -2*n, 0 = -r*m + n - 4. List the prime factors of (m - (-5 - -2)) + 2.
3
Let r be 220/18 - (-10)/(-45). Suppose -4*x + 6*x = r. What are the prime factors of x?
2, 3
Suppose -5*u = -639 - 151. What are the prime factors of u?
2, 79
List the prime factors of (2/3)/((-10)/(-705)).
47
Let w = 11 + -3. Suppose -4 = 11*r - 92. What are the prime factors of 2/(r/5)*w?
2, 5
Suppose -14 = -3*i + t, 3*i = t + t + 10. Let d = i + -3. What are the prime factors of d?
3
Let w = -19 - -35. What are the prime factors of w?
2
List the prime factors of 33/15 - 8/(-10).
3
Suppose -i + 10 = -6*i, -14 = -2*v + 3*i. Suppose 3*k + 42 = v*p - 22, -3*p + 48 = -4*k. List the prime factors of p.
2
Suppose -6*t + 3*t + 3 = 0. Let u be (2 - t/1)*106. What are the prime factors of (-8)/(-44) - u/(-22)?
5
Let q = 9 - 4. Let s be 3/(-6)*(-1 - q). Suppose 3 - 4 = p - c, 5*p - 1 = s*c. What are the prime factors of p?
2
Let v(k) = -k**3 - 16*k**2 - 16*k + 12. What are the prime factors of v(-15)?
3
Let p = 13 - -33. What are the prime factors of p?
2, 23
Let f(i) = i + 8. Let d(n) = n**2 - 2*n. Let u be d(3). Suppose 5*t + 3*w - u = 0, 0 = -3*t - t - 4*w + 4. What are the prime factors of f(t)?
2
Let d = -8 - -10. Let i(c) = -2*c**3 - c. Let r be i(-1). Suppose 0*t - 8 = -d*t, 4*y = -r*t + 48. What are the prime factors of y?
3
Suppose -3*s - 53 = -4*s + k, 0 = -5*s + 2*k + 256. What are the prime factors of s?
2, 5
Suppose 8*b - 4*b = -20. Let f = b + 13. What are the prime factors of (3 - 1)*36/f?
3
Suppose -d + 2*l = 6*l - 47, 3*d + 3*l - 186 = 0. What are the prime factors of d?
67
Let c(u) = 3*u**2 - 6*u - 12. What are the prime factors of c(10)?
2, 3, 19
Let x = 16 - -4. What are the prime factors of x/50 - (-236)/10?
2, 3
Let g(h) = h**2 + 3*h + 3. Let c be g(-2). Let r be (-2 + 2)/((-2)/c). Suppose r*k - 2*k = -6. What are the prime factors of k?
3
Suppose -2*a = 3*a - 135. Let g = a - 15. List the prime factors of g.
2, 3
Let h(o) = o**3 - 2*o**2. Let c be h(2). Suppose -2*q + 5 = -0*q + 5*d, c = q + 4*d + 2. What are the prime factors of q?
2, 5
Let x = 4 + -4. What are the prime factors of (-1 - x)*(-120)/3?
2, 5
Suppose y + 9 - 21 = 0. Suppose -4*w + f + y = -14, 0 = w - 4*f - 14. What are the prime factors of w?
2, 3
Suppose -700 = -5*j + 2*f, -4*f = 3*j - 3*f - 420. What are the prime factors of j?
2, 5, 7
Suppose 4*o - 39 - 57 = 0. List the prime factors of (-4)/6 + o/9.
2
Let i(b) = -b - 12. Let w be i(-13). What are the prime factors of (11 + w)*(-5)/(-4)?
3, 5
Let r = -12 + 43. Suppose -k = -4*y + r, 5*y - 72 = k + 2*k. Let x = k - -37. List the prime factors of x.
2, 3
Suppose 3*j + y - 4 = -2, 0 = j - 5*y - 6. Suppose t + j - 3 = 0. What are the prime factors of t?
2
Let z = 61 - 48. What are the prime factors of z?
13
Let t be (2 - (1 - -1))/(-3). Suppose 0*v + 3*v - 45 = t. Let s = v - 0. List the prime factors of s.
3, 5
Let m be 6/15 + (-896)/(-10). Suppose 